{"id":3424,"date":"2025-04-08T12:27:22","date_gmt":"2025-04-08T18:27:22","guid":{"rendered":"https:\/\/ecobiosfera.site\/?page_id=3424"},"modified":"2025-05-13T13:52:07","modified_gmt":"2025-05-13T19:52:07","slug":"reservar-expedicion","status":"publish","type":"page","link":"https:\/\/ecobiosfera.site\/?page_id=3424","title":{"rendered":"Reservar Expedici\u00f3n"},"content":{"rendered":"<style>.kb-row-layout-id3424_29c8d7-f2 > .kt-row-column-wrap{align-content:start;}:where(.kb-row-layout-id3424_29c8d7-f2 > .kt-row-column-wrap) > .wp-block-kadence-column{justify-content:start;}.kb-row-layout-id3424_29c8d7-f2 > .kt-row-column-wrap{column-gap:var(--global-kb-gap-lg, 4rem);row-gap:var(--global-kb-gap-md, 2rem);max-width:var( --global-content-width, 1290px );padding-left:var(--global-content-edge-padding);padding-right:var(--global-content-edge-padding);padding-top:var(--global-kb-spacing-5xl, 10rem);padding-bottom:var(--global-kb-spacing-md, 2rem);grid-template-columns:minmax(0, 1fr);}.kb-row-layout-id3424_29c8d7-f2 > .kt-row-layout-overlay{opacity:0.73;}@media all and (max-width: 1024px){.kb-row-layout-id3424_29c8d7-f2 > .kt-row-column-wrap{column-gap:var(--global-kb-gap-md, 2rem);padding-top:var(--global-kb-spacing-lg, 3rem);padding-bottom:var(--global-kb-spacing-lg, 3rem);grid-template-columns:minmax(0, 1fr);}}@media all and (max-width: 767px){.kb-row-layout-id3424_29c8d7-f2 > .kt-row-column-wrap{padding-right:var(--global-kb-spacing-xs, 1rem);padding-left:var(--global-kb-spacing-xs, 1rem);grid-template-columns:minmax(0, 1fr);}}<\/style><div class=\"kb-row-layout-wrap kb-row-layout-id3424_29c8d7-f2 alignfull wp-block-kadence-rowlayout\"><div class=\"kt-row-column-wrap kt-has-1-columns kt-row-layout-equal kt-tab-layout-inherit kt-mobile-layout-row kt-row-valign-top kb-theme-content-width\">\n<style>.kadence-column3424_632a8b-52 > .kt-inside-inner-col{display:flex;}.kadence-column3424_632a8b-52 > .kt-inside-inner-col,.kadence-column3424_632a8b-52 > .kt-inside-inner-col:before{border-top-left-radius:0px;border-top-right-radius:0px;border-bottom-right-radius:0px;border-bottom-left-radius:0px;}.kadence-column3424_632a8b-52 > .kt-inside-inner-col{column-gap:var(--global-kb-gap-sm, 1rem);}.kadence-column3424_632a8b-52 > .kt-inside-inner-col{flex-direction:column;justify-content:center;}.kadence-column3424_632a8b-52 > .kt-inside-inner-col > .aligncenter{width:100%;}.kt-row-column-wrap > .kadence-column3424_632a8b-52{align-self:center;}.kt-inner-column-height-full:not(.kt-has-1-columns) > .wp-block-kadence-column.kadence-column3424_632a8b-52{align-self:auto;}.kt-inner-column-height-full:not(.kt-has-1-columns) > .wp-block-kadence-column.kadence-column3424_632a8b-52 > .kt-inside-inner-col{flex-direction:column;justify-content:center;}.kadence-column3424_632a8b-52 > .kt-inside-inner-col:before{opacity:0.3;}.kadence-column3424_632a8b-52{text-align:left;}.kadence-column3424_632a8b-52{position:relative;}@media all and (max-width: 1024px){.kt-row-column-wrap > .kadence-column3424_632a8b-52{align-self:center;}}@media all and (max-width: 1024px){.kt-inner-column-height-full:not(.kt-has-1-columns) > .wp-block-kadence-column.kadence-column3424_632a8b-52{align-self:auto;}}@media all and (max-width: 1024px){.kt-inner-column-height-full:not(.kt-has-1-columns) > .wp-block-kadence-column.kadence-column3424_632a8b-52 > .kt-inside-inner-col{flex-direction:column;justify-content:center;}}@media all and (max-width: 1024px){.kadence-column3424_632a8b-52 > .kt-inside-inner-col{flex-direction:column;}}@media all and (max-width: 767px){.kt-row-column-wrap > .kadence-column3424_632a8b-52{align-self:center;}.kt-inner-column-height-full:not(.kt-has-1-columns) > .wp-block-kadence-column.kadence-column3424_632a8b-52{align-self:auto;}.kt-inner-column-height-full:not(.kt-has-1-columns) > .wp-block-kadence-column.kadence-column3424_632a8b-52 > .kt-inside-inner-col{flex-direction:column;justify-content:center;}.kadence-column3424_632a8b-52 > .kt-inside-inner-col{flex-direction:column;}}<\/style>\n<div class=\"wp-block-kadence-column kadence-column3424_632a8b-52 kb-section-dir-vertical inner-column-1\"><div class=\"kt-inside-inner-col\"><style>.wp-block-kadence-advancedheading.kt-adv-heading3424_a49c8f-1b, .wp-block-kadence-advancedheading.kt-adv-heading3424_a49c8f-1b[data-kb-block=\"kb-adv-heading3424_a49c8f-1b\"]{margin-top:var(--global-kb-spacing-xs, 1rem);margin-bottom:var(--global-kb-spacing-sm, 1.5rem);text-align:left;font-size:var(--global-kb-font-size-lg, 2rem);line-height:1.1;font-weight:700;font-style:normal;}.wp-block-kadence-advancedheading.kt-adv-heading3424_a49c8f-1b mark.kt-highlight, .wp-block-kadence-advancedheading.kt-adv-heading3424_a49c8f-1b[data-kb-block=\"kb-adv-heading3424_a49c8f-1b\"] mark.kt-highlight{font-style:normal;color:#f76a0c;-webkit-box-decoration-break:clone;box-decoration-break:clone;padding-top:0px;padding-right:0px;padding-bottom:0px;padding-left:0px;}@media all and (max-width: 767px){.wp-block-kadence-advancedheading.kt-adv-heading3424_a49c8f-1b, .wp-block-kadence-advancedheading.kt-adv-heading3424_a49c8f-1b[data-kb-block=\"kb-adv-heading3424_a49c8f-1b\"]{font-size:var(--global-kb-font-size-lg, 2rem);}}<\/style>\n<h2 class=\"kt-adv-heading3424_a49c8f-1b wp-block-kadence-advancedheading\" data-kb-block=\"kb-adv-heading3424_a49c8f-1b\"><strong>Una Experiencia \u00danica, en un Sitio \u00danico.<\/strong><br><\/h2>\n\n\n<style>.wp-block-kadence-advancedheading.kt-adv-heading3424_c73f18-f7, .wp-block-kadence-advancedheading.kt-adv-heading3424_c73f18-f7[data-kb-block=\"kb-adv-heading3424_c73f18-f7\"]{margin-bottom:var(--global-kb-spacing-sm, 1.5rem);font-weight:600;font-style:normal;}.wp-block-kadence-advancedheading.kt-adv-heading3424_c73f18-f7 mark.kt-highlight, .wp-block-kadence-advancedheading.kt-adv-heading3424_c73f18-f7[data-kb-block=\"kb-adv-heading3424_c73f18-f7\"] mark.kt-highlight{font-style:normal;color:#f76a0c;-webkit-box-decoration-break:clone;box-decoration-break:clone;padding-top:0px;padding-right:0px;padding-bottom:0px;padding-left:0px;}<\/style>\n<p class=\"kt-adv-heading3424_c73f18-f7 wp-block-kadence-advancedheading has-theme-palette-3-color has-text-color\" data-kb-block=\"kb-adv-heading3424_c73f18-f7\">Completa el formulario y \u00fanete a una expedici\u00f3n que conecta naturaleza, conciencia y aventura.<\/p>\n\n\n<style>.wp-block-kadence-advancedheading.kt-adv-heading3424_dff125-ba, .wp-block-kadence-advancedheading.kt-adv-heading3424_dff125-ba[data-kb-block=\"kb-adv-heading3424_dff125-ba\"]{font-style:normal;}.wp-block-kadence-advancedheading.kt-adv-heading3424_dff125-ba mark.kt-highlight, .wp-block-kadence-advancedheading.kt-adv-heading3424_dff125-ba[data-kb-block=\"kb-adv-heading3424_dff125-ba\"] mark.kt-highlight{font-style:normal;color:#f76a0c;-webkit-box-decoration-break:clone;box-decoration-break:clone;padding-top:0px;padding-right:0px;padding-bottom:0px;padding-left:0px;}<\/style>\n<p class=\"kt-adv-heading3424_dff125-ba wp-block-kadence-advancedheading has-theme-palette-3-color has-text-color\" data-kb-block=\"kb-adv-heading3424_dff125-ba\">Cada expedici\u00f3n que organizamos es una experiencia colectiva que conecta personas con la naturaleza. Para que este tour se realice, necesitamos reunir a algunos aventureros con esp\u00edritu explorador. <\/p>\n\n\n\n<p>Al llenar este formulario, das el primer paso para formar parte de esta comunidad. \u00a1Te avisaremos cuando estemos listos para partir juntos!<\/p>\n<\/div><\/div>\n\n<\/div><\/div>\n\n<style>.kb-row-layout-id3424_2e81b1-01 > .kt-row-column-wrap{align-content:start;}:where(.kb-row-layout-id3424_2e81b1-01 > .kt-row-column-wrap) > .wp-block-kadence-column{justify-content:start;}.kb-row-layout-id3424_2e81b1-01 > .kt-row-column-wrap{column-gap:var(--global-kb-gap-md, 2rem);row-gap:var(--global-kb-gap-md, 2rem);max-width:600px;margin-left:auto;margin-right:auto;padding-top:var(--global-kb-spacing-sm, 1.5rem);padding-bottom:var(--global-kb-spacing-lg, 3rem);grid-template-columns:minmax(0, 1fr);}.kb-row-layout-id3424_2e81b1-01 > .kt-row-layout-overlay{opacity:0.30;}@media all and (max-width: 1024px){.kb-row-layout-id3424_2e81b1-01 > .kt-row-column-wrap{grid-template-columns:minmax(0, 1fr);}}@media all and (max-width: 767px){.kb-row-layout-id3424_2e81b1-01 > .kt-row-column-wrap{grid-template-columns:minmax(0, 1fr);}}<\/style><div class=\"kb-row-layout-wrap kb-row-layout-id3424_2e81b1-01 alignnone wp-block-kadence-rowlayout\"><div class=\"kt-row-column-wrap kt-has-1-columns kt-row-layout-equal kt-tab-layout-inherit kt-mobile-layout-row kt-row-valign-top\">\n<style>.kadence-column3424_3dcf39-96 > .kt-inside-inner-col{display:flex;}.kadence-column3424_3dcf39-96 > .kt-inside-inner-col{padding-top:var(--global-kb-spacing-md, 2rem);padding-right:var(--global-kb-spacing-md, 2rem);padding-bottom:var(--global-kb-spacing-md, 2rem);padding-left:var(--global-kb-spacing-md, 2rem);}.kadence-column3424_3dcf39-96 > .kt-inside-inner-col,.kadence-column3424_3dcf39-96 > .kt-inside-inner-col:before{border-top-left-radius:15px;border-top-right-radius:15px;border-bottom-right-radius:15px;border-bottom-left-radius:15px;}.kadence-column3424_3dcf39-96 > .kt-inside-inner-col{column-gap:var(--global-kb-gap-sm, 1rem);}.kadence-column3424_3dcf39-96 > .kt-inside-inner-col{flex-direction:row;flex-wrap:wrap;align-items:flex-start;justify-content:flex-start;}.kadence-column3424_3dcf39-96 > .kt-inside-inner-col > *, .kadence-column3424_3dcf39-96 > .kt-inside-inner-col > figure.wp-block-image, .kadence-column3424_3dcf39-96 > .kt-inside-inner-col > figure.wp-block-kadence-image{margin-top:0px;margin-bottom:0px;}.kadence-column3424_3dcf39-96 > .kt-inside-inner-col > .kb-image-is-ratio-size{flex-grow:1;}.kt-row-column-wrap > .kadence-column3424_3dcf39-96{align-self:flex-start;}.kt-inner-column-height-full:not(.kt-has-1-columns) > .wp-block-kadence-column.kadence-column3424_3dcf39-96{align-self:auto;}.kt-inner-column-height-full:not(.kt-has-1-columns) > .wp-block-kadence-column.kadence-column3424_3dcf39-96 > .kt-inside-inner-col{align-items:flex-start;}.kadence-column3424_3dcf39-96 > .kt-inside-inner-col{background-color:var(--global-palette1, #3182CE);}.kadence-column3424_3dcf39-96 > .kt-inside-inner-col:before{opacity:0.3;}.kadence-column3424_3dcf39-96{text-align:left;}.kadence-column3424_3dcf39-96{position:relative;}@media all and (max-width: 1024px){.kt-row-column-wrap > .kadence-column3424_3dcf39-96{align-self:flex-start;}}@media all and (max-width: 1024px){.kt-inner-column-height-full:not(.kt-has-1-columns) > .wp-block-kadence-column.kadence-column3424_3dcf39-96{align-self:auto;}}@media all and (max-width: 1024px){.kt-inner-column-height-full:not(.kt-has-1-columns) > .wp-block-kadence-column.kadence-column3424_3dcf39-96 > .kt-inside-inner-col{align-items:flex-start;}}@media all and (max-width: 1024px){.kadence-column3424_3dcf39-96 > .kt-inside-inner-col{flex-direction:row;flex-wrap:wrap;align-items:flex-start;justify-content:flex-start;}}@media all and (min-width: 768px) and (max-width: 1024px){.kadence-column3424_3dcf39-96 > .kt-inside-inner-col > *, .kadence-column3424_3dcf39-96 > .kt-inside-inner-col > figure.wp-block-image, .kadence-column3424_3dcf39-96 > .kt-inside-inner-col > figure.wp-block-kadence-image{margin-top:0px;margin-bottom:0px;}.kadence-column3424_3dcf39-96 > .kt-inside-inner-col > .kb-image-is-ratio-size{flex-grow:1;}}@media all and (max-width: 767px){.kadence-column3424_3dcf39-96 > .kt-inside-inner-col{padding-top:var(--global-kb-spacing-xs, 1rem);padding-right:var(--global-kb-spacing-xs, 1rem);padding-bottom:var(--global-kb-spacing-xs, 1rem);padding-left:var(--global-kb-spacing-xs, 1rem);flex-direction:row;flex-wrap:wrap;justify-content:flex-start;}.kt-row-column-wrap > .kadence-column3424_3dcf39-96{align-self:flex-start;}.kt-inner-column-height-full:not(.kt-has-1-columns) > .wp-block-kadence-column.kadence-column3424_3dcf39-96{align-self:auto;}.kt-inner-column-height-full:not(.kt-has-1-columns) > .wp-block-kadence-column.kadence-column3424_3dcf39-96 > .kt-inside-inner-col{align-items:flex-start;}.kadence-column3424_3dcf39-96 > .kt-inside-inner-col > *, .kadence-column3424_3dcf39-96 > .kt-inside-inner-col > figure.wp-block-image, .kadence-column3424_3dcf39-96 > .kt-inside-inner-col > figure.wp-block-kadence-image{margin-top:0px;margin-bottom:0px;}.kadence-column3424_3dcf39-96 > .kt-inside-inner-col > .kb-image-is-ratio-size{flex-grow:1;}}<\/style>\n<div class=\"wp-block-kadence-column kadence-column3424_3dcf39-96 kb-section-dir-horizontal inner-column-2\"><div class=\"kt-inside-inner-col\"><style>.wp-block-kadence-form.kadence-form-3424_c81bbb-f0.kb-form-wrap{margin-right:0px;margin-left:0px;}.kadence-form-3424_c81bbb-f0 .kb-form .kadence-blocks-form-field .kb-text-style-field, .kadence-form-3424_c81bbb-f0 .kb-form .kadence-blocks-form-field .kb-select-style-field{color:var(--global-palette4, #2D3748);border-radius:4px;border-width:1px 1px 1px 1px;background:#f9f7f1;border-color:var(--global-palette3, #1A202C);}.kadence-form-3424_c81bbb-f0 .kb-form .kadence-blocks-form-field > label{color:var(--global-palette7, #EDF2F7);font-size:var(--global-kb-font-size-sm, 0.9rem);letter-spacing:0px;text-transform:capitalize;font-family:var( --global-body-font-family, inherit );font-style:normal;font-weight:600;}.kadence-form-3424_c81bbb-f0 .kb-form .kadence-blocks-form-field .kb-forms-submit{color:#f9f7f1;border-radius:5px;border-width:3px 3px 3px 3px;background:rgba(0, 0, 0, 0);border-color:#f9f7f1;}.kadence-form-3424_c81bbb-f0 .kb-form .kadence-blocks-form-field .kb-forms-submit:hover, .kadence-form-3424_c81bbb-f0 .kb-form .kadence-blocks-form-field .kb-forms-submit:focus {color:var(--global-palette2, #2B6CB0);border-color:var(--global-palette2, #2B6CB0);}.kadence-form-3424_c81bbb-f0 .kb-form .kadence-blocks-form-field .kb-forms-submit{font-size:var(--global-kb-font-size-sm, 0.9rem);letter-spacing:1px;text-transform:uppercase;font-family:var( --global-body-font-family, inherit );font-style:normal;font-weight:inherit;}.kb-form input.kadence-blocks-field.verify{opacity:0.0;position:absolute;top:0.0;left:0.0;width:0.0;height:0.0;z-index:-1;}<\/style>\n<div class=\"wp-block-kadence-form kadence-form-3424_c81bbb-f0 kb-form-wrap\"><form class=\"kb-form\" action=\"\" method=\"post\"><div class=\"kadence-blocks-form-field kb-field-desk-width-100 kb-input-size-standard\"><label for=\"kb_field_3424_c81bbb-f0_0\">Nombre Completo<\/label><input name=\"kb_field_0\" id=\"kb_field_3424_c81bbb-f0_0\" data-label=\"Nombre Completo\" type=\"text\" placeholder=\"\" value=\"\" data-type=\"text\" class=\"kb-field kb-text-style-field kb-text-field kb-field-0\"\/><\/div><div class=\"kadence-blocks-form-field kb-form-field-1 kb-field-desk-width-100 kb-input-size-standard\"><label for=\"kb_field_3424_c81bbb-f0_1\">Correo Electronico<span class=\"required\">*<\/span><\/label><input name=\"kb_field_1\" id=\"kb_field_3424_c81bbb-f0_1\" data-label=\"Correo Electronico\" type=\"email\" placeholder=\"\" value=\"\" data-type=\"email\" class=\"kb-field kb-text-style-field kb-email-field kb-field-1\" data-required=\"yes\"\/><\/div><div class=\"kadence-blocks-form-field kb-form-field-2 kb-field-desk-width-100 kb-input-size-standard\"><label for=\"kb_field_3424_c81bbb-f0_2\">\u00bfQue expedicion te interesa?<\/label><input name=\"kb_field_2\" id=\"kb_field_3424_c81bbb-f0_2\" data-label=\"\u00bfQue expedicion te interesa?\" type=\"text\" placeholder=\"\" value=\"\" data-type=\"text\" class=\"kb-field kb-text-style-field kb-text-field kb-field-2\"\/><\/div><div class=\"kadence-blocks-form-field kb-form-field-3 kb-field-desk-width-100 kb-input-size-standard\"><label for=\"kb_field_3424_c81bbb-f0_3\">Mensaje<span class=\"required\">*<\/span><\/label><textarea name=\"kb_field_3\" id=\"kb_field_3424_c81bbb-f0_3\" data-label=\"Mensaje\" type=\"textarea\" placeholder=\"\" data-type=\"textarea\" class=\"kb-field kb-text-style-field kb-textarea-field kb-field-3\" rows=\"4\" data-required=\"yes\"><\/textarea><\/div><input type=\"hidden\" name=\"_kb_form_id\" value=\"3424_c81bbb-f0\"\/><input type=\"hidden\" name=\"_kb_form_post_id\" value=\"3424\"\/><input type=\"hidden\" name=\"action\" value=\"kb_process_ajax_submit\"\/><input class=\"kadence-blocks-field verify\" type=\"text\" name=\"_kb_verify_email\" autocomplete=\"new-password\" aria-hidden=\"true\" placeholder=\"Email\" tabindex=\"-1\" data-1p-ignore=\"true\" data-lpignore=\"true\" \/><div class=\"kadence-blocks-form-field kb-submit-field kb-field-desk-width-100\"><button class=\"kb-forms-submit button kb-button-size-standard kb-button-width-auto\">Enviar<\/button><\/div><\/form><\/div>\n<noscript><div class=\"kadence-blocks-form-message kadence-blocks-form-warning\">Activar JavaScript en tu navegador para enviar el formulario<\/div><style>.kadence-form-3424_c81bbb-f0 .kadence-blocks-form-field.kb-submit-field { display: none; }<\/style><\/noscript><\/div><\/div>\n\n<\/div><\/div>","protected":false},"excerpt":{"rendered":"<p>Una Experiencia \u00danica, en un Sitio \u00danico. Completa el formulario y \u00fanete a una expedici\u00f3n que conecta naturaleza, conciencia y aventura. Cada expedici\u00f3n que organizamos es una experiencia colectiva que conecta personas con la naturaleza. Para que este tour se realice, necesitamos reunir a algunos aventureros con esp\u00edritu explorador. Al llenar este formulario, das el&#8230;<\/p>\n","protected":false},"author":6,"featured_media":0,"parent":0,"menu_order":0,"comment_status":"closed","ping_status":"closed","template":"","meta":{"_kad_post_transparent":"","_kad_post_title":"","_kad_post_layout":"","_kad_post_sidebar_id":"","_kad_post_content_style":"","_kad_post_vertical_padding":"","_kad_post_feature":"","_kad_post_feature_position":"","_kad_post_header":false,"_kad_post_footer":false,"footnotes":""},"class_list":["post-3424","page","type-page","status-publish","hentry"],"jetpack_sharing_enabled":true,"_links":{"self":[{"href":"https:\/\/ecobiosfera.site\/index.php?rest_route=\/wp\/v2\/pages\/3424","targetHints":{"allow":["GET"]}}],"collection":[{"href":"https:\/\/ecobiosfera.site\/index.php?rest_route=\/wp\/v2\/pages"}],"about":[{"href":"https:\/\/ecobiosfera.site\/index.php?rest_route=\/wp\/v2\/types\/page"}],"author":[{"embeddable":true,"href":"https:\/\/ecobiosfera.site\/index.php?rest_route=\/wp\/v2\/users\/6"}],"replies":[{"embeddable":true,"href":"https:\/\/ecobiosfera.site\/index.php?rest_route=%2Fwp%2Fv2%2Fcomments&post=3424"}],"version-history":[{"count":42,"href":"https:\/\/ecobiosfera.site\/index.php?rest_route=\/wp\/v2\/pages\/3424\/revisions"}],"predecessor-version":[{"id":4350,"href":"https:\/\/ecobiosfera.site\/index.php?rest_route=\/wp\/v2\/pages\/3424\/revisions\/4350"}],"wp:attachment":[{"href":"https:\/\/ecobiosfera.site\/index.php?rest_route=%2Fwp%2Fv2%2Fmedia&parent=3424"}],"curies":[{"name":"wp","href":"https:\/\/api.w.org\/{rel}","templated":true}]}}